 + 1 + -1)/o. What is s(n)?
18
Let o(b) be the first derivative of -2*b**3/3 - 23*b**2/2 - 71*b - 13335. Calculate o(-7).
-8
Let j(z) = -z**2 - 6*z + 7. Suppose 4*o + 27 - 11 = 0. Let a be (o/(4/5) - -1) + -2. Let c be j(a). Let x(n) = n**3 - 6*n**2 - 7*n - 5. Give x(c).
-5
Let z(f) = -2*f**2 + f + 1. Let j(m) = 5*m**2 - 4*m. Let g(x) = -j(x) - 3*z(x). Let p be (5 + 1)/3 + -2. Calculate g(p).
-3
Let j be (6/(-18))/(3/45). Let w(u) = -4 + 563*u**2 + 1 - 4*u - 3 - 282*u**2 - 282*u**2. What is w(j)?
-11
Let u(m) be the third derivative of -m**6/120 + m**5/20 + m**4/24 - m**3/2 + 31474*m**2. Let n be 26/10 - 6/(-15). What is u(n)?
0
Let y(g) = -4*g - 7. Let i be -16 + 14 - (-8)/(16/(-14)). Give y(i).
29
Let d(g) = -113*g**3 - 12*g**2 - g - 5. Let n(r) = 85*r**3 + 11*r**2 + 5. Let w(y) = 3*d(y) + 4*n(y). Determine w(-5).
95
Suppose 36 - 41 = -5*c. Let k(i) = 5*i**3 + 8*i**2 + 4*i - 1. Let h(l) = 2*l**3 + l**2. Let v(q) = c*k(q) - 2*h(q). Determine v(-5).
4
Let g(j) be the first derivative of j**4/4 - 5*j**3/3 - j**2 - 2104. Calculate g(4).
-24
Let f(n) = n**3 - 30*n**2 - 30*n - 31. Let w = 193 + -162. Let y be f(w). Let k(t) = t**2 + t - 10. What is k(y)?
-10
Let q(s) = 10*s**2 - 2*s + 1. Let c(g) = -121*g**2 + 55*g + 13. Let r(i) = -c(i) - 12*q(i). Give r(32).
7
Suppose -4*o - 4 = 3*z - 9*o, 2*z + o = 6. Suppose 21 = -7*x + 35. Let q(k) = 2 + 3*k**2 + k**2 - z*k**x - k**2 - k. Give q(-4).
22
Let u = 22119 + -22095. Let w(q) = 2*q**2 - 45*q - 67. What is w(u)?
5
Let b(o) be the third derivative of -o**5/20 - 5*o**4/24 + 7*o**3/6 + 3*o**2 + 349. What is b(1)?
-1
Let t(c) be the first derivative of 5*c**2/2 - 11*c - 693. What is t(3)?
4
Let h = -5505 - -5499. Let y(g) = g**3 + 7*g**2 + 3*g - 22. Give y(h).
-4
Let v(q) be the third derivative of -q**8/6720 + q**6/180 + q**5/20 + 23*q**4/24 - 30*q**2. Let y(j) be the third derivative of v(j). Determine y(2).
-8
Let t be (14 - 15)*2*(0 - (-12)/(-8)). Let k(q) be the first derivative of 0*q**t + 2*q**4 + q - 24 + 1/2*q**2. Calculate k(-1).
-8
Let q(v) be the third derivative of v**6/40 - v**5/5 - 11*v**4/24 + 20*v**3/3 + 39*v**2 - 2*v - 17. Give q(4).
-4
Let j(f) = -f**3 + f + 18*f - 23*f + 28 + 32*f - 20*f**2 + 17*f. Calculate j(-22).
6
Suppose -65 = -10*t - 15. Let q = 23 + -17. Let z(y) = -y + y**2 + y + q - 4*y - 3*y. Determine z(t).
-4
Let l(m) = -1 + 7 + m + 2 + 2*m. Let n(w) = -1. Let k(y) = -l(y) - 6*n(y). Let f = -9 + 6. Give k(f).
7
Let p(c) = 147*c**3 - 2*c**2 + 1. Suppose 0 = 22*m - 4296 + 4274. Calculate p(m).
146
Let l(y) = -4*y + 42. Let x(h) = -101 + 73 + 7*h - h - 3*h. Let k(o) = 5*l(o) + 7*x(o). What is k(-9)?
5
Let c(g) = -102*g - 274. Let b(k) = 51*k + 158. Let t(j) = -13*b(j) - 6*c(j). Give t(-8).
-2
Let b = 17356 + -17346. Let f(u) = -u**2 + 10*u - 5. Determine f(b).
-5
Suppose -2*o + 1 + 1 = -3*m, 2*o = 2*m + 4. Suppose -r + 3*x + 6 = 0, -m*x = -0*r + 5*r - 64. Suppose 13*n = 28*n - r*n. Let c(d) = -d + 16. What is c(n)?
16
Suppose 0 = -6*g + 17 + 13. Suppose -4*l = -4*z - 8, g*l - l = 16. Let s(a) = a**2 + 2 - z - 1. Calculate s(2).
3
Let z(j) = 2*j**2 - 22*j - 23. Let t be z(12). Let w = t - -1. Suppose 2*f + 8 = 4*n, 2*f - 3*n = -w*n - 2. Let s(i) = -i + 5. Give s(f).
5
Let v(t) = 3*t + 112*t**3 - 116*t**3 - 15 + 6 + 8*t**2. Let d(b) = -5*b**3 + 9*b**2 + 2*b - 10. Let a(c) = 3*d(c) - 4*v(c). Give a(6).
6
Let n(d) = d**3 + 21*d**2 - 70*d + 55. Let r = 8364 - 8388. Calculate n(r).
7
Let l(w) be the first derivative of w**3/2 - w**2/2 - 54*w - 49. Let k(u) be the first derivative of l(u). Determine k(-4).
-13
Let j(n) be the third derivative of n**6/120 + 11*n**5/60 + n**4/2 + 11*n**3/6 + 16*n**2. Suppose -30*g + 15*g = 150. Calculate j(g).
-9
Suppose -2*u + 62 = 4*o, 5*o - 4*u - 29 - 42 = 0. Let f = -21 + o. Let l(a) = 5790*a**2 - 2*a + 5790*a**2 - 11574*a**2 + 2*a**3 - a**3 - 7. Determine l(f).
5
Let n(y) = 0*y**3 + y**3 - 3 - 3 - 30. Let x = -4921 - -4921. Give n(x).
-36
Suppose -198 = -3*x - 222. Let o be (-4)/(-1 - 1/(-2)). Let r(i) = 4*i**3 + o*i**2 + i + 3*i**3 + 5 - 6*i**3. Calculate r(x).
-3
Let o be (-15)/(-6)*1034/55. Let l(f) = -19*f + 10*f - 55*f**2 + o*f**2 + f**3 - 5. Determine l(9).
-5
Let z(i) = 5*i - 3. Let m(q) be the second derivative of -9*q**3/2 + 7*q**2 - q - 16. Let l(d) = 2*m(d) + 11*z(d). Calculate l(-5).
-10
Let v(m) = m**2 - 5*m + 3. Let n(j) = 3*j - 3. Let a(d) = 3*n(d) + 2*v(d). Calculate a(3).
12
Let p(b) = b - 2. Let j = 146 - 145. Let f(y) = 26*y - 21. Let u be f(j). What is p(u)?
3
Let q be (-2)/(-11) - 62/(-22). Suppose -q*n - l = -7 - 5, -5*n + 3*l + 20 = 0. Let b(x) = -n*x**2 + 5 + 3*x**2 - x - 1 + 1. Give b(-4).
-7
Let l be 59/(-19) + 3 + (-1000)/(-475). Let k(h) be the second derivative of 5/3*h**3 - 1/6*h**4 - 8*h - 4*h**l + 0. Calculate k(6).
-20
Let m(t) = -24*t**3 + 12*t**2 - 5. Let u(x) = x**3 - 3*x**2 - x + 1. Let s(y) = m(y) + 3*u(y). Calculate s(2).
-164
Let g be 15/9*(-2 + 2 - -3). Suppose -4*c - 149 = -g*n, -n + 2*c = 3*n - 118. Let v = n + -27. Let y(p) = -p**3 + 2*p**2 - 3*p. Determine y(v).
-6
Let o(r) = -r**3 - 12*r**2 + r + 16. Suppose y - 7*q + 3*q = 11, 10 = 4*y + q. Let h be ((-1)/y)/(33/1188). Give o(h).
4
Let d(j) = -4*j + 78. Suppose 2*p - k - 10 = 0, 0 = -2*p - 13*k + 12*k + 18. Calculate d(p).
50
Suppose -24*s + 192 + 72 = 0. Let m(y) = -3*y + 11. Let o(j) = 8*j - 31. Let u(w) = s*m(w) + 4*o(w). Determine u(-4).
1
Let g(k) be the second derivative of -1/6*k**4 + 22*k - 1 - 1/2*k**2 - 1/3*k**3 - 1/10*k**5. What is g(-1)?
1
Suppose w - 72 = -2*w + 4*d, 5*w + 2*d - 94 = 0. Suppose -38*q + 43*q - w = 0. Let m(x) = -2*x. What is m(q)?
-8
Let t be (-1092)/(-294) + (-4)/(-14). Suppose 7*b = t*i + 9*b - 2, 4 = -4*i + 4*b. Let l(o) = -o**2 + o + 4. What is l(i)?
4
Suppose -3*d = 3*a + 410 - 2744, 2*a = d - 772. Let u(j) = 23*j**2 - d + 775 - 15*j**2. What is u(-1)?
7
Let r(l) = -24*l + 150. Let t(u) = -24*u + 139. Let p(g) = -4*r(g) + 5*t(g). What is p(4)?
-1
Let u be (3 - 15)/4 - 9. Let r(b) = b**2 + 13*b + 21. Let n be r(u). Let g(d) = 49*d + 6 - n + 2*d**3 - 53*d. Calculate g(-2).
-11
Let q(y) be the second derivative of -y**4/3 - y**3/6 - 8*y**2 - 7*y + 445. Determine q(-4).
-76
Suppose 0 = m + 4*a - 3, -2*a + 9 = 5. Let u(n) = -5*n**2 - 5*n - 5. Calculate u(m).
-105
Suppose -15*f = -7*f - 104. Let g(r) = 10*r - 39*r + 15*r + 14 + f*r. What is g(0)?
14
Let s = -16390 - -16399. Let a(t) = 6*t - 5 - t**2 + 18 + t. Give a(s).
-5
Let m = 7729 + -7729. Let z(l) be the second derivative of -19*l + 1/2*l**4 + m + 1/20*l**5 - l**2 + 1/2*l**3. Give z(-5).
8
Let s = 41 - 36. Suppose 0 = s*o + 6*o - 22. Let m(c) = c**3 - 6*c + 4 + 7*c**o + 6*c + 6*c. Determine m(-6).
4
Suppose -30*b - 24 = 5*k - 27*b, 5*k + 9 = 2*b. Let u(f) = 13*f + 40. Calculate u(k).
1
Suppose 5*f + 3 + 11 = 3*j, 4*j = -2*f + 36. Let n(x) = x**3 - 7*x**2 - 4*x - 3. Calculate n(j).
29
Let a(z) = z**2 + 3386*z + 8*z**2 + 2 - 8 + 2*z**3 - 3384*z. What is a(0)?
-6
Suppose 0 = 4*r - 14 + 74. Let h = -5 - r. Let a(q) = q**2 + 1 - h*q**2 + 7*q**2. Calculate a(-3).
-17
Suppose -t + 2*n - 12 = 0, 27*t - 7 = 28*t - n. Let w(b) = 19*b**2 + 4*b + 5. What is w(t)?
73
Let m be 53965/6777 + 2/54. Let l(x) be the first derivative of 14*x + 1/2*x**2 - m. Calculate l(0).
14
Let u(n) be the third derivative of 7*n**4/12 + n**3/6 - 7*n**2 - 6*n. Let k = -4 - -7. Suppose k = 2*m + m. Calculate u(m).
15
Let s(f) = -4*f + 7. Let x(n) = 3*n - 4. Let w = 111 - 114. Let b(h) = w*s(h) - 5*x(h). Determine b(-2).
5
Let b = 110 - 105. Suppose -5*p - 80 = b*p. Let q(i) = -5*i - 11. What is q(p)?
29
Let l(s) = -s**2 + 18*s - 52. Suppose -77 - 87 = 2*q - 190. Calculate l(q).
13
Let s(k) be the first derivative of -11*k**3/3 - 7*k**2 - 10*k - 4975. What is s(-1)?
-7
Let h(a) = -5*a - 63. Suppose 23*p + 13*p = -607 + 211. Calculate h(p).
-8
Let o(m) = -m**3 - 3*m**2 - 3*m + 1. Let v be o(-1). Let c(y) = -y**3 - 16*y**2 - y - 23*y**v - 3 + 34*y**2. Determine c(-5).
2
Let i(m) = m**2 + 8*m + 5. Let r(l) = 180 - 6*l + l**3 + 187 - 5*l**2 - 372. Let q be r(6). Determine i(q).
-10
Let m(f) be the first derivative of 20*f**3/3 + f**2/2 - f - 1231. Give m(1).
20
Let d be ((-48)/(-144))/((-5)/15). Let w(m) = -72*m - 72. Calculate w(d).
0
Let g(s) be the third derivative of s**5/60 - 5*s**4/24 - 11*s**3/3